{"id":29567,"date":"2016-09-11T17:56:13","date_gmt":"2016-09-11T15:56:13","guid":{"rendered":"http:\/\/www.welonimuszka.pl\/?post_type=project&#038;p=29567"},"modified":"2016-10-08T10:28:31","modified_gmt":"2016-10-08T08:28:31","slug":"fabryka-fotografii","status":"publish","type":"project","link":"http:\/\/www.welonimuszka.pl\/?project=fabryka-fotografii","title":{"rendered":"Fabryka Fotografi"},"content":{"rendered":"<p>[et_pb_section admin_label=&#8221;Section&#8221; transparent_background=&#8221;off&#8221; allow_player_pause=&#8221;off&#8221; inner_shadow=&#8221;off&#8221; parallax=&#8221;off&#8221; parallax_method=&#8221;on&#8221; padding_mobile=&#8221;off&#8221; make_fullwidth=&#8221;off&#8221; use_custom_width=&#8221;off&#8221; width_unit=&#8221;off&#8221; custom_width_px=&#8221;1080px&#8221; custom_width_percent=&#8221;80%&#8221; make_equal=&#8221;off&#8221; use_custom_gutter=&#8221;off&#8221; fullwidth=&#8221;off&#8221; specialty=&#8221;on&#8221; disabled=&#8221;off&#8221;][et_pb_column type=&#8221;1_3&#8243;][et_pb_image admin_label=&#8221;Logo&#8221; src=&#8221;http:\/\/www.welonimuszka.pl\/wp-content\/uploads\/2016\/09\/logo-fabryka-fotografii.jpg&#8221; show_in_lightbox=&#8221;off&#8221; url_new_window=&#8221;off&#8221; use_overlay=&#8221;off&#8221; sticky=&#8221;off&#8221; align=&#8221;left&#8221; force_fullwidth=&#8221;off&#8221; always_center_on_mobile=&#8221;on&#8221; use_border_color=&#8221;off&#8221; border_color=&#8221;#ffffff&#8221; border_style=&#8221;solid&#8221; disabled=&#8221;off&#8221; animation=&#8221;left&#8221;] [\/et_pb_image][et_pb_text admin_label=&#8221;Text&#8221; background_layout=&#8221;light&#8221; text_orientation=&#8221;left&#8221; use_border_color=&#8221;off&#8221; border_style=&#8221;solid&#8221; disabled=&#8221;off&#8221;]<\/p>\n<h3>Kontakt:<\/h3>\n<p class=\"p1\"><span class=\"s1\">Magda Bra\u0144ka &amp; Pawe\u0142 Kowaleczko<\/span><\/p>\n<p class=\"p2\"><span class=\"s1\"><strong>Tel:<\/strong>\u00a0 (+48)\u00a0 883-731-323 \/ (+48)\u00a0 883-636-990<\/span><\/p>\n<p><span class=\"s2\"><strong>www:<\/strong>\u00a0<a href=\"http:\/\/www.fabrykafotografi.pl\/\"><span class=\"s3\">www.fabrykafotografi.pl<\/span><\/a><\/span><\/p>\n<p><strong>Facebook:<\/strong>\u00a0<a href=\"https:\/\/www.facebook.com\/fabrykafotografi\"><span class=\"s3\">www.facebook.com\/fabrykafotografi<\/span><\/a><\/p>\n<p>[\/et_pb_text][et_pb_cta admin_label=&#8221;Call To Action&#8221; button_url=&#8221;mailto:info@fabrykafotografi.pl&#8221; url_new_window=&#8221;off&#8221; button_text=&#8221;Wy\u015blij wiadomo\u015b\u0107&#8221; use_background_color=&#8221;off&#8221; background_color=&#8221;#7bb5b6&#8243; background_layout=&#8221;dark&#8221; text_orientation=&#8221;left&#8221; use_border_color=&#8221;off&#8221; border_color=&#8221;#ffffff&#8221; border_style=&#8221;solid&#8221; custom_button=&#8221;off&#8221; button_letter_spacing=&#8221;0&#8243; button_use_icon=&#8221;default&#8221; button_icon_placement=&#8221;right&#8221; button_on_hover=&#8221;on&#8221; button_letter_spacing_hover=&#8221;0&#8243; disabled=&#8221;off&#8221;] [\/et_pb_cta][\/et_pb_column][et_pb_column type=&#8221;2_3&#8243; specialty_columns=&#8221;2&#8243;][et_pb_row_inner admin_label=&#8221;row_inner&#8221; padding_mobile=&#8221;off&#8221; use_custom_gutter=&#8221;off&#8221; make_equal=&#8221;off&#8221; column_padding_mobile=&#8221;off&#8221; parallax_1=&#8221;off&#8221; parallax_method_1=&#8221;on&#8221; parallax_2=&#8221;off&#8221; parallax_method_2=&#8221;on&#8221; parallax_3=&#8221;off&#8221; parallax_method_3=&#8221;on&#8221; disabled=&#8221;off&#8221;][et_pb_column_inner type=&#8221;4_4&#8243; saved_specialty_column_type=&#8221;2_3&#8243;][et_pb_text admin_label=&#8221;Text&#8221; background_layout=&#8221;light&#8221; text_orientation=&#8221;left&#8221; use_border_color=&#8221;off&#8221; border_style=&#8221;solid&#8221; disabled=&#8221;off&#8221; border_color=&#8221;#ffffff&#8221;]<\/p>\n<h1>Fabryka Fotografi<\/h1>\n<p>[\/et_pb_text][et_pb_text admin_label=&#8221;Text&#8221; background_layout=&#8221;light&#8221; text_orientation=&#8221;left&#8221; use_border_color=&#8221;off&#8221; border_style=&#8221;solid&#8221; disabled=&#8221;off&#8221;]<\/p>\n<p class=\"p1\"><span class=\"s1\">Witajcie !\u00a0<\/span><span class=\"s1\">Cieszymy si\u0119,\u00a0\u017ce do nas trafili\u015bcie i mamy\u00a0nadziej\u0119,\u00a0\u017ce razem prze\u017cyjemy ciekaw\u0105 przygod\u0119.<\/span><\/p>\n<p class=\"p1\"><span class=\"s1\">Uwielbiamy kolory, s\u0142o\u0144ce i ludzi.\u00a0I takie te\u017c chcemy by by\u0142y nasze zdj\u0119cia.\u00a0Pe\u0142ne \u017cywych barw, uczu\u0107 i rado\u015bci. Jeste\u015bmy z g\u00f3r, ale fotografujemy w ca\u0142ej Polsce. Gdy tylko mo\u017cemy podr\u00f3\u017cujemy, zawsze ch\u0119tnie poznajemy nowe miejsca i \u00a0uwiecznimy cudowne momenty w r\u00f3\u017cnych zak\u0105tkach Polski i \u015bwiata.\u00a0Je\u015bli marzy Wam si\u0119 daleka sesja plenerowa \u2013 idealnie, to jest to co lubimy najbardziej.<\/span><\/p>\n<p>[\/et_pb_text][et_pb_text admin_label=&#8221;Tytul &#8211; Wybrane projekty&#8221; background_layout=&#8221;light&#8221; text_orientation=&#8221;left&#8221; use_border_color=&#8221;off&#8221; border_style=&#8221;solid&#8221; disabled=&#8221;off&#8221; border_color=&#8221;#ffffff&#8221;]<\/p>\n<h4>Wybrane projekty<\/h4>\n<p>[\/et_pb_text][et_pb_divider admin_label=&#8221;Linia&#8221; color=&#8221;#27282d&#8221; show_divider=&#8221;on&#8221; divider_style=&#8221;solid&#8221; divider_position=&#8221;top&#8221; divider_weight=&#8221;1px&#8221; hide_on_mobile=&#8221;on&#8221; disabled=&#8221;off&#8221;] [\/et_pb_divider][et_pb_post_slider admin_label=&#8221;Post Slider&#8221; include_categories=&#8221;401&#8243; orderby=&#8221;date_desc&#8221; show_arrows=&#8221;on&#8221; show_pagination=&#8221;on&#8221; show_more_button=&#8221;on&#8221; more_text=&#8221;Zobacz&#8221; content_source=&#8221;off&#8221; use_manual_excerpt=&#8221;off&#8221; excerpt_length=&#8221;270&#8243; show_meta=&#8221;off&#8221; background_layout=&#8221;dark&#8221; show_image=&#8221;on&#8221; image_placement=&#8221;background&#8221; parallax=&#8221;off&#8221; parallax_method=&#8221;off&#8221; use_bg_overlay=&#8221;on&#8221; use_text_overlay=&#8221;off&#8221; remove_inner_shadow=&#8221;off&#8221; background_position=&#8221;default&#8221; background_size=&#8221;default&#8221; auto=&#8221;off&#8221; auto_speed=&#8221;7000&#8243; auto_ignore_hover=&#8221;off&#8221; hide_content_on_mobile=&#8221;off&#8221; hide_cta_on_mobile=&#8221;off&#8221; show_image_video_mobile=&#8221;off&#8221; header_font=&#8221;Open Sans|on||on|&#8221; header_font_size=&#8221;26&#8243; meta_letter_spacing=&#8221;0&#8243; custom_button=&#8221;off&#8221; button_use_icon=&#8221;default&#8221; button_icon_placement=&#8221;right&#8221; button_on_hover=&#8221;on&#8221; button_letter_spacing_hover=&#8221;0&#8243; disabled=&#8221;off&#8221;] [\/et_pb_post_slider][\/et_pb_column_inner][\/et_pb_row_inner][\/et_pb_column][\/et_pb_section]<\/p>\n","protected":false},"excerpt":{"rendered":"<p>[et_pb_section admin_label=&#8221;Section&#8221; transparent_background=&#8221;off&#8221; allow_player_pause=&#8221;off&#8221; inner_shadow=&#8221;off&#8221; parallax=&#8221;off&#8221; parallax_method=&#8221;on&#8221; padding_mobile=&#8221;off&#8221; make_fullwidth=&#8221;off&#8221; use_custom_width=&#8221;off&#8221; width_unit=&#8221;off&#8221; custom_width_px=&#8221;1080px&#8221; custom_width_percent=&#8221;80%&#8221; make_equal=&#8221;off&#8221; use_custom_gutter=&#8221;off&#8221; fullwidth=&#8221;off&#8221; specialty=&#8221;on&#8221; disabled=&#8221;off&#8221;][et_pb_column type=&#8221;1_3&#8243;][et_pb_image admin_label=&#8221;Logo&#8221; src=&#8221;http:\/\/www.welonimuszka.pl\/wp-content\/uploads\/2016\/09\/logo-fabryka-fotografii.jpg&#8221; show_in_lightbox=&#8221;off&#8221; url_new_window=&#8221;off&#8221; use_overlay=&#8221;off&#8221; sticky=&#8221;off&#8221; align=&#8221;left&#8221; force_fullwidth=&#8221;off&#8221; always_center_on_mobile=&#8221;on&#8221; use_border_color=&#8221;off&#8221; border_color=&#8221;#ffffff&#8221; border_style=&#8221;solid&#8221; disabled=&#8221;off&#8221; animation=&#8221;left&#8221;] [\/et_pb_image][et_pb_text admin_label=&#8221;Text&#8221; background_layout=&#8221;light&#8221; text_orientation=&#8221;left&#8221; use_border_color=&#8221;off&#8221; border_style=&#8221;solid&#8221; disabled=&#8221;off&#8221;] Kontakt: Magda Bra\u0144ka &amp; Pawe\u0142 Kowaleczko Tel:\u00a0 (+48)\u00a0 883-731-323 \/ (+48)\u00a0 883-636-990 www:\u00a0www.fabrykafotografi.pl Facebook:\u00a0www.facebook.com\/fabrykafotografi [\/et_pb_text][et_pb_cta [&hellip;]<\/p>\n","protected":false},"author":2,"featured_media":30087,"comment_status":"closed","ping_status":"closed","template":"","meta":{"_et_pb_use_builder":"on","_et_pb_old_content":"","_et_gb_content_width":"","footnotes":""},"project_category":[400],"project_tag":[],"class_list":["post-29567","project","type-project","status-publish","has-post-thumbnail","hentry","project_category-fotografia-i-film"],"_links":{"self":[{"href":"http:\/\/www.welonimuszka.pl\/index.php?rest_route=\/wp\/v2\/project\/29567","targetHints":{"allow":["GET"]}}],"collection":[{"href":"http:\/\/www.welonimuszka.pl\/index.php?rest_route=\/wp\/v2\/project"}],"about":[{"href":"http:\/\/www.welonimuszka.pl\/index.php?rest_route=\/wp\/v2\/types\/project"}],"author":[{"embeddable":true,"href":"http:\/\/www.welonimuszka.pl\/index.php?rest_route=\/wp\/v2\/users\/2"}],"replies":[{"embeddable":true,"href":"http:\/\/www.welonimuszka.pl\/index.php?rest_route=%2Fwp%2Fv2%2Fcomments&post=29567"}],"version-history":[{"count":11,"href":"http:\/\/www.welonimuszka.pl\/index.php?rest_route=\/wp\/v2\/project\/29567\/revisions"}],"predecessor-version":[{"id":29871,"href":"http:\/\/www.welonimuszka.pl\/index.php?rest_route=\/wp\/v2\/project\/29567\/revisions\/29871"}],"wp:featuredmedia":[{"embeddable":true,"href":"http:\/\/www.welonimuszka.pl\/index.php?rest_route=\/wp\/v2\/media\/30087"}],"wp:attachment":[{"href":"http:\/\/www.welonimuszka.pl\/index.php?rest_route=%2Fwp%2Fv2%2Fmedia&parent=29567"}],"wp:term":[{"taxonomy":"project_category","embeddable":true,"href":"http:\/\/www.welonimuszka.pl\/index.php?rest_route=%2Fwp%2Fv2%2Fproject_category&post=29567"},{"taxonomy":"project_tag","embeddable":true,"href":"http:\/\/www.welonimuszka.pl\/index.php?rest_route=%2Fwp%2Fv2%2Fproject_tag&post=29567"}],"curies":[{"name":"wp","href":"https:\/\/api.w.org\/{rel}","templated":true}]}}

<p>[et_pb_section admin_label=&#8221;Section&#8221; transparent_background=&#8221;off&#8221; allow_player_pause=&#8221;off&#8221; inner_shadow=&#8221;off&#8221; parallax=&#8221;off&#8221; parallax_method=&#8221;on&#8221; padding_mobile=&#8221;off&#8221; make_fullwidth=&#8221;off&#8221; use_custom_width=&#8221;off&#8221; width_unit=&#8221;off&#8221; custom_width_px=&#8221;1080px&#8221; custom_width_percent=&#8221;80%&#8221; make_equal=&#8221;off&#8221; use_custom_gutter=&#8221;off&#8221; fullwidth=&#8221;off&#8221; specialty=&#8221;on&#8221; disabled=&#8221;off&#8221;][et_pb_column type=&#8221;1_3&#8243;][et_pb_image admin_label=&#8221;Logo&#8221; src=&#8221;http://www.welonimuszka.pl/wp-content/uploads/2016/09/logo-fabryka-fotografii.jpg&#8221; show_in_lightbox=&#8221;off&#8221; url_new_window=&#8221;off&#8221; use_overlay=&#8221;off&#8221; sticky=&#8221;off&#8221; align=&#8221;left&#8221; force_fullwidth=&#8221;off&#8221; always_center_on_mobile=&#8221;on&#8221; use_border_color=&#8221;off&#8221; border_color=&#8221;#ffffff&#8221; border_style=&#8221;solid&#8221; disabled=&#8221;off&#8221; animation=&#8221;left&#8221;] [/et_pb_image][et_pb_text admin_label=&#8221;Text&#8221; background_layout=&#8221;light&#8221; text_orientation=&#8221;left&#8221; use_border_color=&#8221;off&#8221; border_style=&#8221;solid&#8221; disabled=&#8221;off&#8221;]</p>
<h3>Kontakt:</h3>
<p class="p1"><span class="s1">Magda Brańka &amp; Paweł Kowaleczko</span></p>
<p class="p2"><span class="s1"><strong>Tel:</strong>  (+48)  883-731-323 / (+48)  883-636-990</span></p>
<p><span class="s2"><strong>www:</strong> <a href="http://www.fabrykafotografi.pl/"><span class="s3">www.fabrykafotografi.pl</span></a></span></p>
<p><strong>Facebook:</strong> <a href="https://www.facebook.com/fabrykafotografi"><span class="s3">www.facebook.com/fabrykafotografi</span></a></p>
<p>[/et_pb_text][et_pb_cta admin_label=&#8221;Call To Action&#8221; button_url=&#8221;mailto:info@fabrykafotografi.pl&#8221; url_new_window=&#8221;off&#8221; button_text=&#8221;Wyślij wiadomość&#8221; use_background_color=&#8221;off&#8221; background_color=&#8221;#7bb5b6&#8243; background_layout=&#8221;dark&#8221; text_orientation=&#8221;left&#8221; use_border_color=&#8221;off&#8221; border_color=&#8221;#ffffff&#8221; border_style=&#8221;solid&#8221; custom_button=&#8221;off&#8221; button_letter_spacing=&#8221;0&#8243; button_use_icon=&#8221;default&#8221; button_icon_placement=&#8221;right&#8221; button_on_hover=&#8221;on&#8221; button_letter_spacing_hover=&#8221;0&#8243; disabled=&#8221;off&#8221;] [/et_pb_cta][/et_pb_column][et_pb_column type=&#8221;2_3&#8243; specialty_columns=&#8221;2&#8243;][et_pb_row_inner admin_label=&#8221;row_inner&#8221; padding_mobile=&#8221;off&#8221; use_custom_gutter=&#8221;off&#8221; make_equal=&#8221;off&#8221; column_padding_mobile=&#8221;off&#8221; parallax_1=&#8221;off&#8221; parallax_method_1=&#8221;on&#8221; parallax_2=&#8221;off&#8221; parallax_method_2=&#8221;on&#8221; parallax_3=&#8221;off&#8221; parallax_method_3=&#8221;on&#8221; disabled=&#8221;off&#8221;][et_pb_column_inner type=&#8221;4_4&#8243; saved_specialty_column_type=&#8221;2_3&#8243;][et_pb_text admin_label=&#8221;Text&#8221; background_layout=&#8221;light&#8221; text_orientation=&#8221;left&#8221; use_border_color=&#8221;off&#8221; border_style=&#8221;solid&#8221; disabled=&#8221;off&#8221; border_color=&#8221;#ffffff&#8221;]</p>
<h1>Fabryka Fotografi</h1>
<p>[/et_pb_text][et_pb_text admin_label=&#8221;Text&#8221; background_layout=&#8221;light&#8221; text_orientation=&#8221;left&#8221; use_border_color=&#8221;off&#8221; border_style=&#8221;solid&#8221; disabled=&#8221;off&#8221;]</p>
<p class="p1"><span class="s1">Witajcie ! </span><span class="s1">Cieszymy się, że do nas trafiliście i mamy nadzieję, że razem przeżyjemy ciekawą przygodę.</span></p>
<p class="p1"><span class="s1">Uwielbiamy kolory, słońce i ludzi. I takie też chcemy by były nasze zdjęcia. Pełne żywych barw, uczuć i radości. Jesteśmy z gór, ale fotografujemy w całej Polsce. Gdy tylko możemy podróżujemy, zawsze chętnie poznajemy nowe miejsca i  uwiecznimy cudowne momenty w różnych zakątkach Polski i świata. Jeśli marzy Wam się daleka sesja plenerowa – idealnie, to jest to co lubimy najbardziej.</span></p>
<p>[/et_pb_text][et_pb_text admin_label=&#8221;Tytul &#8211; Wybrane projekty&#8221; background_layout=&#8221;light&#8221; text_orientation=&#8221;left&#8221; use_border_color=&#8221;off&#8221; border_style=&#8221;solid&#8221; disabled=&#8221;off&#8221; border_color=&#8221;#ffffff&#8221;]</p>
<h4>Wybrane projekty</h4>
<p>[/et_pb_text][et_pb_divider admin_label=&#8221;Linia&#8221; color=&#8221;#27282d&#8221; show_divider=&#8221;on&#8221; divider_style=&#8221;solid&#8221; divider_position=&#8221;top&#8221; divider_weight=&#8221;1px&#8221; hide_on_mobile=&#8221;on&#8221; disabled=&#8221;off&#8221;] [/et_pb_divider][et_pb_post_slider admin_label=&#8221;Post Slider&#8221; include_categories=&#8221;401&#8243; orderby=&#8221;date_desc&#8221; show_arrows=&#8221;on&#8221; show_pagination=&#8221;on&#8221; show_more_button=&#8221;on&#8221; more_text=&#8221;Zobacz&#8221; content_source=&#8221;off&#8221; use_manual_excerpt=&#8221;off&#8221; excerpt_length=&#8221;270&#8243; show_meta=&#8221;off&#8221; background_layout=&#8221;dark&#8221; show_image=&#8221;on&#8221; image_placement=&#8221;background&#8221; parallax=&#8221;off&#8221; parallax_method=&#8221;off&#8221; use_bg_overlay=&#8221;on&#8221; use_text_overlay=&#8221;off&#8221; remove_inner_shadow=&#8221;off&#8221; background_position=&#8221;default&#8221; background_size=&#8221;default&#8221; auto=&#8221;off&#8221; auto_speed=&#8221;7000&#8243; auto_ignore_hover=&#8221;off&#8221; hide_content_on_mobile=&#8221;off&#8221; hide_cta_on_mobile=&#8221;off&#8221; show_image_video_mobile=&#8221;off&#8221; header_font=&#8221;Open Sans|on||on|&#8221; header_font_size=&#8221;26&#8243; meta_letter_spacing=&#8221;0&#8243; custom_button=&#8221;off&#8221; button_use_icon=&#8221;default&#8221; button_icon_placement=&#8221;right&#8221; button_on_hover=&#8221;on&#8221; button_letter_spacing_hover=&#8221;0&#8243; disabled=&#8221;off&#8221;] [/et_pb_post_slider][/et_pb_column_inner][/et_pb_row_inner][/et_pb_column][/et_pb_section]</p>

<p>[et_pb_section admin_label=&#8221;Section&#8221; transparent_background=&#8221;off&#8221; allow_player_pause=&#8221;off&#8221; inner_shadow=&#8221;off&#8221; parallax=&#8221;off&#8221; parallax_method=&#8221;on&#8221; padding_mobile=&#8221;off&#8221; make_fullwidth=&#8221;off&#8221; use_custom_width=&#8221;off&#8221; width_unit=&#8221;off&#8221; custom_width_px=&#8221;1080px&#8221; custom_width_percent=&#8221;80%&#8221; make_equal=&#8221;off&#8221; use_custom_gutter=&#8221;off&#8221; fullwidth=&#8221;off&#8221; specialty=&#8221;on&#8221; disabled=&#8221;off&#8221;][et_pb_column type=&#8221;1_3&#8243;][et_pb_image admin_label=&#8221;Logo&#8221; src=&#8221;http://www.welonimuszka.pl/wp-content/uploads/2016/09/logo-fabryka-fotografii.jpg&#8221; show_in_lightbox=&#8221;off&#8221; url_new_window=&#8221;off&#8221; use_overlay=&#8221;off&#8221; sticky=&#8221;off&#8221; align=&#8221;left&#8221; force_fullwidth=&#8221;off&#8221; always_center_on_mobile=&#8221;on&#8221; use_border_color=&#8221;off&#8221; border_color=&#8221;#ffffff&#8221; border_style=&#8221;solid&#8221; disabled=&#8221;off&#8221; animation=&#8221;left&#8221;] [/et_pb_image][et_pb_text admin_label=&#8221;Text&#8221; background_layout=&#8221;light&#8221; text_orientation=&#8221;left&#8221; use_border_color=&#8221;off&#8221; border_style=&#8221;solid&#8221; disabled=&#8221;off&#8221;] Kontakt: Magda Brańka &amp; Paweł Kowaleczko Tel:  (+48)  883-731-323 / (+48)  883-636-990 www: www.fabrykafotografi.pl Facebook: www.facebook.com/fabrykafotografi [/et_pb_text][et_pb_cta [&hellip;]</p>
